d by 342.
261
Calculate the remainder when 2801319 is divided by 472.
471
Calculate the remainder when 5941 is divided by 2691.
559
What is the remainder when 55533 is divided by 104?
101
Calculate the remainder when 243 is divided by 242.
1
Calculate the remainder when 37433 is divided by 72.
65
Calculate the remainder when 325774 is divided by 3788.
6
What is the remainder when 45202 is divided by 373?
69
What is the remainder when 19769 is divided by 682?
673
What is the remainder when 2313 is divided by 131?
86
Calculate the remainder when 649615 is divided by 865.
0
Calculate the remainder when 170934 is divided by 56974.
12
Calculate the remainder when 273 is divided by 133.
7
What is the remainder when 27672 is divided by 3458?
8
Calculate the remainder when 5715 is divided by 2855.
5
Calculate the remainder when 53962 is divided by 89.
28
What is the remainder when 20747 is divided by 1037?
7
Calculate the remainder when 1666 is divided by 97.
17
What is the remainder when 38589 is divided by 31?
25
What is the remainder when 6711 is divided by 561?
540
Calculate the remainder when 8198 is divided by 1280.
518
Calculate the remainder when 9002 is divided by 63.
56
What is the remainder when 1870 is divided by 726?
418
Calculate the remainder when 110005 is divided by 86.
11
What is the remainder when 11939 is divided by 3954?
77
Calculate the remainder when 395922 is divided by 75.
72
Calculate the remainder when 363858 is divided by 3007.
11
Calculate the remainder when 57934 is divided by 955.
634
What is the remainder when 679 is divided by 77?
63
What is the remainder when 179338 is divided by 17933?
8
Calculate the remainder when 220117 is divided by 12227.
31
Calculate the remainder when 43558 is divided by 330.
328
Calculate the remainder when 3428440 is divided by 474.
472
Calculate the remainder when 6672 is divided by 1654.
56
What is the remainder when 1607 is divided by 257?
65
Calculate the remainder when 31665 is divided by 5276.
9
Calculate the remainder when 889 is divided by 100.
89
Calculate the remainder when 993 is divided by 318.
39
What is the remainder when 369482 is divided by 251?
10
Calculate the remainder when 469873 is divided by 4.
1
Calculate the remainder when 629013 is divided by 13.
8
What is the remainder when 5878 is divided by 314?
226
What is the remainder when 3632 is divided by 1784?
64
Calculate the remainder when 71943 is divided by 194.
163
What is the remainder when 23090 is divided by 11536?
18
Calculate the remainder when 1148 is divided by 122.
50
Calculate the remainder when 4879 is divided by 122.
121
What is the remainder when 51080 is divided by 27?
23
Calculate the remainder when 1136 is divided by 183.
38
Calculate the remainder when 881 is divided by 204.
65
Calculate the remainder when 4684 is divided by 392.
372
What is the remainder when 23960 is divided by 83?
56
What is the remainder when 1173 is divided by 71?
37
Calculate the remainder when 1851 is divided by 1682.
169
Calculate the remainder when 2936 is divided by 58.
36
What is the remainder when 492 is divided by 58?
28
What is the remainder when 24658 is divided by 5?
3
What is the remainder when 457764 is divided by 28?
20
Calculate the remainder when 16334 is divided by 61.
47
Calculate the remainder when 31734 is divided by 31719.
15
What is the remainder when 20865 is divided by 20849?
16
Calculate the remainder when 7921 is divided by 59.
15
Calculate the remainder when 18627 is divided by 20.
7
What is the remainder when 5140 is divided by 1785?
1570
What is the remainder when 4265 is divided by 4188?
77
What is the remainder when 2710 is divided by 9?
1
What is the remainder when 62798 is divided by 80?
78
Calculate the remainder when 81356 is divided by 1453.
1441
What is the remainder when 904594 is divided by 363?
361
Calculate the remainder when 681257 is divided by 92.
89
Calculate the remainder when 888399 is divided by 20.
19
What is the remainder when 276 is divided by 260?
16
Calculate the remainder when 3741 is divided by 1245.
6
Calculate the remainder when 4552 is divided by 47.
40
What is the remainder when 1609781 is divided by 7?
5
Calculate the remainder when 13467 is divided by 1033.
38
What is the remainder when 50829 is divided by 2675?
4
What is the remainder when 24001 is divided by 11994?
13
Calculate the remainder when 45824 is divided by 9164.
4
What is the remainder when 13565 is divided by 13412?
153
What is the remainder when 222810 is divided by 181?
180
What is the remainder when 266749 is divided by 35?
14
Calculate the remainder when 1458 is divided by 266.
128
What is the remainder when 40496 is divided by 5764?
148
What is the remainder when 69578 is divided by 81?
80
Calculate the remainder when 28415 is divided by 14206.
3
What is the remainder when 3267 is divided by 10?
7
What is the remainder when 35605 is divided by 31?
17
What is the remainder when 134068 is divided by 164?
80
Calculate the remainder when 20181 is divided by 174.
171
What is the remainder when 421431 is divided by 78?
75
Calculate the remainder when 5593 is divided by 459.
85
Calculate the remainder when 1825 is divided by 52.
5
Calculate the remainder when 338176 is divided by 471.
469
What is the remainder when 15799 is divided by 50?
49
Calculate the remainder when 66447 is divided by 278.
5
What is the remainder when 27962 is divided by 2537?
55
Calculate the remainder when 192165 is divided by 43.
41
What is the remainder when 1557609 is divided by 441?
438
What is the remainder when 1308 is divided by 77?
76
What is the remainder when 116152 is divided by 16592?
8
What is the remainder when 18658 is divided by 1691?
57
What is the remainder when 4587 is divided by 81?
51
What is the remainder when 6368 is divided by 132?
32
What is the remainder when 3398 is divided by 438?
332
What is the remainder when 1032 is divided by 145?
17
What is the remainder when 11725 is divided by 1178?
1123
What is the remainder when 22349 is divided by 3724?
5
Calculate the remainder when 6066 is divided by 1924.
294
What is the remainder when 10699 is divided by 37?
6
Calculate the remainder when 923 is divided by 148.
35
Calculate the remainder when 95911 is divided by 22.
13
Calculate the remainder when 72237 is divided by 10309.
74
What is the remainder when 73773 is divided by 167?
126
What is the remainder when 500 is divided by 159?
23
What is the remainder when 18514 is divided by 18510?
4
What is the remainder when 14192 is divided by 186?
56
What is the remainder when 20977 is divided by 37?
35
What is the remainder when 12539 is divided by 1606?
1297
Calculate the remainder when 40805 is divided by 5826.
23
Calculate the remainder when 14653 is divided by 405.
73
What is the remainder when 2463 is divided by 357?
321
Calculate the remainder when 667 is divided by 24.
19
What is the remainder when 3396 is divided by 37?
29
Calculate the remainder when 803351 is divided by 561.
560
What is the remainder when 18451 is divided by 450?
1
Calculate the remainder when 1519335 is divided by 27.
18
Calculate the remainder when 1073 is divided by 94.
39
What is the remainder when 584 is divided by 168?
80
What is the remainder when 890 is divided by 884?
6
Calculate the remainder when 73017 is divided by 10.
7
Calculate the remainder when 10048 is divided by 2468.
176
Calculate the remainder when 979133 is divided by 33.
23
What is the remainder when 82692 is divided by 366?
342
What is the remainder when 7514 is divided by 119?
17
Calculate the remainder when 33453 is divided by 4.
1
Calculate the remainder when 31948 is divided by 16.
12
Calculate the remainder when 13141 is divided by 374.
51
Calculate the remainder when 20573 is divided by 37.
1
What is the remainder when 36692 is divided by 14?
12
Calculate the remainder when 1042 is divided by 740.
302
What is the remainder when 11014 is divided by 144?
70
What is the remainder when 2969 is divided by 487?
47
What is the remainder when 1431566 is divided by 238?
234
Calculate the remainder when 44327 is divided by 110.
107
What is the remainder when 1661 is divided by 32?
29
What is the remainder when 87023 is divided by 592?
591
Calculate the remainder when 6